{"id":53,"date":"2010-04-14T13:52:38","date_gmt":"2010-04-14T11:52:38","guid":{"rendered":"http:\/\/localhost\/?page_id=53"},"modified":"2024-09-14T19:19:14","modified_gmt":"2024-09-14T17:19:14","slug":"impressum","status":"publish","type":"page","link":"http:\/\/www.museum-nohfelden.de\/?page_id=53","title":{"rendered":"Impressum"},"content":{"rendered":"<p>Saarl\u00e4ndischer Volkstanz und Trachtenverband e.V.<\/p>\n<p><strong>Gesch\u00e4ftsstelle:<\/strong><\/p>\n<p>Andrea Mark &#8211; Fuchs<br \/>\nPfeifferfelder Stra\u00dfe 2<br \/>\n66440 Blieskastel<\/p>\n<p><strong>Redaktionell verantwortlich:<\/strong><\/p>\n<p>Rosel B\u00f6hmer V.i.S.d.P.<br \/>\nemail:<a href=\"mailto:info@museum-nohfelden.de\"> info@museum-nohfelden.de<\/a><\/p>\n<p>&nbsp;<\/p>\n<p><span style=\"text-decoration: underline;\"><strong><br \/>\nHaftungsausschlu\u00dferkl\u00e4rung:<\/strong><\/span><\/p>\n<p>Die unter der Url &#8220;http:\/\/museum-nohfelden.de\/&#8221; angebotenen Links auf externe Angebote sind interessante und informative Wegweiser f\u00fcr die Besucher unserer Seiten. F\u00fcr die Inhalte der gelinkten Seite k\u00f6nnen wir allerdings keine Verantwortung \u00fcbernehmen. Sollten Sie herausfinden, dass eine gelinkte Seite nicht mehr existiert oder sich Inhalte, die Anlass zur Kritik geben, darauf befinden, so senden Sie uns bitte eine <a href=\"mailto:webmaster@svt-saar.de\">e-Mail<\/a>.<\/p>\n","protected":false},"excerpt":{"rendered":"<p>Saarl\u00e4ndischer Volkstanz und Trachtenverband e.V. Gesch\u00e4ftsstelle: Andrea Mark &#8211; Fuchs Pfeifferfelder Stra\u00dfe 2 66440 Blieskastel Redaktionell verantwortlich: Rosel B\u00f6hmer V.i.S.d.P. email: info@museum-nohfelden.de &nbsp; Haftungsausschlu\u00dferkl\u00e4rung: Die unter der Url &#8220;http:\/\/museum-nohfelden.de\/&#8221; angebotenen Links auf externe Angebote sind interessante und informative Wegweiser f\u00fcr die Besucher unserer Seiten. F\u00fcr die Inhalte der gelinkten Seite k\u00f6nnen wir allerdings keine Verantwortung [&hellip;]<\/p>\n","protected":false},"author":1,"featured_media":0,"parent":0,"menu_order":9,"comment_status":"closed","ping_status":"closed","template":"","meta":[],"_links":{"self":[{"href":"http:\/\/www.museum-nohfelden.de\/index.php?rest_route=\/wp\/v2\/pages\/53"}],"collection":[{"href":"http:\/\/www.museum-nohfelden.de\/index.php?rest_route=\/wp\/v2\/pages"}],"about":[{"href":"http:\/\/www.museum-nohfelden.de\/index.php?rest_route=\/wp\/v2\/types\/page"}],"author":[{"embeddable":true,"href":"http:\/\/www.museum-nohfelden.de\/index.php?rest_route=\/wp\/v2\/users\/1"}],"replies":[{"embeddable":true,"href":"http:\/\/www.museum-nohfelden.de\/index.php?rest_route=%2Fwp%2Fv2%2Fcomments&post=53"}],"version-history":[{"count":4,"href":"http:\/\/www.museum-nohfelden.de\/index.php?rest_route=\/wp\/v2\/pages\/53\/revisions"}],"predecessor-version":[{"id":2542,"href":"http:\/\/www.museum-nohfelden.de\/index.php?rest_route=\/wp\/v2\/pages\/53\/revisions\/2542"}],"wp:attachment":[{"href":"http:\/\/www.museum-nohfelden.de\/index.php?rest_route=%2Fwp%2Fv2%2Fmedia&parent=53"}],"curies":[{"name":"wp","href":"https:\/\/api.w.org\/{rel}","templated":true}]}}