{"id":39,"date":"2010-04-14T13:41:43","date_gmt":"2010-04-14T11:41:43","guid":{"rendered":"http:\/\/localhost\/?page_id=39"},"modified":"2026-04-06T16:06:55","modified_gmt":"2026-04-06T14:06:55","slug":"offnungszeiten-preise","status":"publish","type":"page","link":"http:\/\/www.museum-nohfelden.de\/?page_id=39","title":{"rendered":"\u00d6ffnungszeiten \/ Preise"},"content":{"rendered":"<p><span style=\"text-decoration: underline;\"><strong>\u00d6ffnungszeiten<\/strong><\/span><\/p>\n<p>Mittwoch und Sonntag \u00a0 14.00 \u2013 17.00 Uhr<br \/>\nund Gruppenf\u00fchrungen nach Vereinbarung au\u00dferhalb der \u00d6ffnungszeiten<\/p>\n<p><span style=\"text-decoration: underline;\">\u00a0<strong>Eintrittspreise<\/strong><\/span><\/p>\n<p>\u2022 Erwachsene\u00a0 2,50 Euro<br \/>\n\u2022 Kinder unter 12 Jahre\u00a0 frei<br \/>\n\u2022 Sch\u00fcler, Azubis, Studenten 1,50 Euro<br \/>\n\u2022 Gruppen ab 10 Personen je Person 1,50 Euro<\/p>\n<div>Wir sind Saarland Card Partner! Mit der digitalen Saarland Card k\u00f6nnen Sie uns und \u00fcber 100 weitere Attraktionen im Saarland und der angrenzenden Region kostenfrei besuchen. Noch dazu haben Sie freie Fahrt mit Bus &amp; Bahn im gesamten Saarland.<\/div>\n<div>Buchen Sie mindestens zwei \u00dcbernachtungen bei einem der teilnehmenden Gastgeber und Sie erhalten die digitale Saarland Card als kostenfreie Zusatzleistung.<\/div>\n<div>Weitere Informationen rund um die Saarland Card sowie alle teilnehmenden Partner finden Sie <a href=\"http:\/\/www.card.saarland\">hier<\/a>.<\/div>\n<p><a href=\"http:\/\/www.museum-nohfelden.de\/wp-content\/uploads\/2018\/03\/Online-Button_Partner_neu.png\"><img decoding=\"async\" loading=\"lazy\" class=\"aligncenter size-medium wp-image-1649\" src=\"http:\/\/www.museum-nohfelden.de\/wp-content\/uploads\/2018\/03\/Online-Button_Partner_neu-300x190.png\" alt=\"\" width=\"300\" height=\"190\" srcset=\"http:\/\/www.museum-nohfelden.de\/wp-content\/uploads\/2018\/03\/Online-Button_Partner_neu-300x190.png 300w, http:\/\/www.museum-nohfelden.de\/wp-content\/uploads\/2018\/03\/Online-Button_Partner_neu-768x488.png 768w, http:\/\/www.museum-nohfelden.de\/wp-content\/uploads\/2018\/03\/Online-Button_Partner_neu.png 945w\" sizes=\"(max-width: 300px) 100vw, 300px\" \/><\/a><\/p>\n","protected":false},"excerpt":{"rendered":"<p>\u00d6ffnungszeiten Mittwoch und Sonntag \u00a0 14.00 \u2013 17.00 Uhr und Gruppenf\u00fchrungen nach Vereinbarung au\u00dferhalb der \u00d6ffnungszeiten \u00a0Eintrittspreise \u2022 Erwachsene\u00a0 2,50 Euro \u2022 Kinder unter 12 Jahre\u00a0 frei \u2022 Sch\u00fcler, Azubis, Studenten 1,50 Euro \u2022 Gruppen ab 10 Personen je Person 1,50 Euro Wir sind Saarland Card Partner! Mit der digitalen Saarland Card k\u00f6nnen Sie uns [&hellip;]<\/p>\n","protected":false},"author":1,"featured_media":0,"parent":0,"menu_order":0,"comment_status":"closed","ping_status":"closed","template":"","meta":[],"_links":{"self":[{"href":"http:\/\/www.museum-nohfelden.de\/index.php?rest_route=\/wp\/v2\/pages\/39"}],"collection":[{"href":"http:\/\/www.museum-nohfelden.de\/index.php?rest_route=\/wp\/v2\/pages"}],"about":[{"href":"http:\/\/www.museum-nohfelden.de\/index.php?rest_route=\/wp\/v2\/types\/page"}],"author":[{"embeddable":true,"href":"http:\/\/www.museum-nohfelden.de\/index.php?rest_route=\/wp\/v2\/users\/1"}],"replies":[{"embeddable":true,"href":"http:\/\/www.museum-nohfelden.de\/index.php?rest_route=%2Fwp%2Fv2%2Fcomments&post=39"}],"version-history":[{"count":146,"href":"http:\/\/www.museum-nohfelden.de\/index.php?rest_route=\/wp\/v2\/pages\/39\/revisions"}],"predecessor-version":[{"id":2746,"href":"http:\/\/www.museum-nohfelden.de\/index.php?rest_route=\/wp\/v2\/pages\/39\/revisions\/2746"}],"wp:attachment":[{"href":"http:\/\/www.museum-nohfelden.de\/index.php?rest_route=%2Fwp%2Fv2%2Fmedia&parent=39"}],"curies":[{"name":"wp","href":"https:\/\/api.w.org\/{rel}","templated":true}]}}