{"id":36,"date":"2010-04-14T11:17:33","date_gmt":"2010-04-14T09:17:33","guid":{"rendered":"http:\/\/localhost\/?page_id=3"},"modified":"2020-07-20T10:59:36","modified_gmt":"2020-07-20T08:59:36","slug":"startseite","status":"publish","type":"page","link":"http:\/\/www.museum-nohfelden.de\/?page_id=36","title":{"rendered":"\u00dcber uns"},"content":{"rendered":"<p><strong>&#8220;Kleidung ein Kulturgut&#8221;<\/strong><\/p>\n<p>Als einziges Museum im Saarland besch\u00e4ftigt sich das Museum f\u00fcr Mode &amp; Tracht mit Kleidung und Kleidungsgewohnheiten unserer Vorfahren. Im September 2005 wurde das Museum er\u00f6ffnet.<br \/>\nDerzeit wird Kleidung und Tracht mit den dazugeh\u00f6renden Dessous und Accessoires von 1845 \u2013 1920 ausgestellt.<\/p>\n<p>Auf einer Ausstellungsfl\u00e4che von 123 qm sind ca. 210 Exponate in der st\u00e4ndigen Ausstellung und ca. 80 Exponaten in der Sonderausstellung\u00a0 zu sehen.<\/p>\n<p>Wie kam es zur Gr\u00fcndung dieses Museums?<\/p>\n<p>Begonnen hat alles im M\u00e4rz 2000 damit, dass wir vom Saarl\u00e4ndischen Volkstanz- und Trachtenverband auf Bundestagungen die reichhaltige Dokumentation und Pr\u00e4sentation der Trachten der \u00fcbrigen Bundesl\u00e4nder bewundern konnten. Wir wurden gefragt: Gab es bei Euch im Saarland keine Tracht?<\/p>\n<p>Die Suche nach erhaltenen originalen Trachtenteilen aus dem 19. Jahrhundert f\u00fchrte zu zwei Sammlungen:<\/p>\n<p>\u2022 Zur Sammlung von Hermann Keuth, der vor dem 2. Weltkrieg das Heimatmuseum in Saarbr\u00fccken leitete und<br \/>\n\u2022 Zur Sammlung von Pelser-Berensberg, der von Trier aus im Saargau und im Hochwald eifrig gesammelt hatte.<\/p>\n<p>Im September 2000 nahm das Pr\u00e4sidium des Saarl\u00e4ndischen Volkstanz- und Trachtenverbandes Kontakt mit dem Saarlandmuseum auf, das die Sammlung von Hermann Keuth betreut. Gleichzeitig wurden Kontakte zum St\u00e4dtischen Museum Simeonstift Trier gekn\u00fcpft, das die Sammlung von Pelser-Berensberg besitzt.<\/p>\n<p>Sehr schnell zeigte es sich, dass nur wenige originale Trachtenteile erhalten sind. Auf Anraten von Museumsfachleuten sollte nun das Museum nicht nur Trachten, sondern generell Bekleidungsteile ausstellen.<\/p>\n<p>Kleidung als Teil unserer materiellen, beweglichen Kultur kommt in den letzten Jahren immer mehr in das Bewusstsein der Bev\u00f6lkerung. Eine Besucherin, die dem Museum Bekleidungsteile ihrer Gro\u00dfmutter stiftete: \u201eErst jetzt wird mir bewusst welchen kulturellen Wert diese Kleider besitzen.\u201c<\/p>\n","protected":false},"excerpt":{"rendered":"<p>&#8220;Kleidung ein Kulturgut&#8221; Als einziges Museum im Saarland besch\u00e4ftigt sich das Museum f\u00fcr Mode &amp; Tracht mit Kleidung und Kleidungsgewohnheiten unserer Vorfahren. Im September 2005 wurde das Museum er\u00f6ffnet. Derzeit wird Kleidung und Tracht mit den dazugeh\u00f6renden Dessous und Accessoires von 1845 \u2013 1920 ausgestellt. Auf einer Ausstellungsfl\u00e4che von 123 qm sind ca. 210 Exponate [&hellip;]<\/p>\n","protected":false},"author":1,"featured_media":0,"parent":0,"menu_order":0,"comment_status":"closed","ping_status":"closed","template":"","meta":[],"_links":{"self":[{"href":"http:\/\/www.museum-nohfelden.de\/index.php?rest_route=\/wp\/v2\/pages\/36"}],"collection":[{"href":"http:\/\/www.museum-nohfelden.de\/index.php?rest_route=\/wp\/v2\/pages"}],"about":[{"href":"http:\/\/www.museum-nohfelden.de\/index.php?rest_route=\/wp\/v2\/types\/page"}],"author":[{"embeddable":true,"href":"http:\/\/www.museum-nohfelden.de\/index.php?rest_route=\/wp\/v2\/users\/1"}],"replies":[{"embeddable":true,"href":"http:\/\/www.museum-nohfelden.de\/index.php?rest_route=%2Fwp%2Fv2%2Fcomments&post=36"}],"version-history":[{"count":4,"href":"http:\/\/www.museum-nohfelden.de\/index.php?rest_route=\/wp\/v2\/pages\/36\/revisions"}],"predecessor-version":[{"id":2021,"href":"http:\/\/www.museum-nohfelden.de\/index.php?rest_route=\/wp\/v2\/pages\/36\/revisions\/2021"}],"wp:attachment":[{"href":"http:\/\/www.museum-nohfelden.de\/index.php?rest_route=%2Fwp%2Fv2%2Fmedia&parent=36"}],"curies":[{"name":"wp","href":"https:\/\/api.w.org\/{rel}","templated":true}]}}