{"id":356,"date":"2011-06-06T11:55:44","date_gmt":"2011-06-06T09:55:44","guid":{"rendered":"http:\/\/www.museum-nohfelden.de\/?page_id=356"},"modified":"2011-06-13T16:32:32","modified_gmt":"2011-06-13T14:32:32","slug":"gastebuch","status":"publish","type":"page","link":"http:\/\/www.museum-nohfelden.de\/?page_id=356","title":{"rendered":"G\u00e4stebuch"},"content":{"rendered":"<p>Hier k\u00f6nnen Sie G\u00e4stebucheintragungen vornehmen<\/p>\n","protected":false},"excerpt":{"rendered":"<p>Hier k\u00f6nnen Sie G\u00e4stebucheintragungen vornehmen<\/p>\n","protected":false},"author":1,"featured_media":0,"parent":0,"menu_order":0,"comment_status":"open","ping_status":"closed","template":"","meta":[],"_links":{"self":[{"href":"http:\/\/www.museum-nohfelden.de\/index.php?rest_route=\/wp\/v2\/pages\/356"}],"collection":[{"href":"http:\/\/www.museum-nohfelden.de\/index.php?rest_route=\/wp\/v2\/pages"}],"about":[{"href":"http:\/\/www.museum-nohfelden.de\/index.php?rest_route=\/wp\/v2\/types\/page"}],"author":[{"embeddable":true,"href":"http:\/\/www.museum-nohfelden.de\/index.php?rest_route=\/wp\/v2\/users\/1"}],"replies":[{"embeddable":true,"href":"http:\/\/www.museum-nohfelden.de\/index.php?rest_route=%2Fwp%2Fv2%2Fcomments&post=356"}],"version-history":[{"count":4,"href":"http:\/\/www.museum-nohfelden.de\/index.php?rest_route=\/wp\/v2\/pages\/356\/revisions"}],"predecessor-version":[{"id":371,"href":"http:\/\/www.museum-nohfelden.de\/index.php?rest_route=\/wp\/v2\/pages\/356\/revisions\/371"}],"wp:attachment":[{"href":"http:\/\/www.museum-nohfelden.de\/index.php?rest_route=%2Fwp%2Fv2%2Fmedia&parent=356"}],"curies":[{"name":"wp","href":"https:\/\/api.w.org\/{rel}","templated":true}]}}