{"id":1101,"date":"2014-11-11T20:42:03","date_gmt":"2014-11-11T18:42:03","guid":{"rendered":"http:\/\/www.museum-nohfelden.de\/?page_id=1101"},"modified":"2024-08-30T17:44:03","modified_gmt":"2024-08-30T15:44:03","slug":"10-jahre-museum","status":"publish","type":"page","link":"http:\/\/www.museum-nohfelden.de\/?page_id=1101","title":{"rendered":"10 Jahre Museum"},"content":{"rendered":"<h2 style=\"text-align: center;\">R\u00fcckblick 10 Jahre Museum und Landestrachtentag 2015<\/h2>\n<p>Am Sonntag, 13. September 2015, fanden in Nohfelden das 10j\u00e4hrige Jubil\u00e4um des Museums und der Landestrachtentag des Saarl\u00e4ndischen Volkstanz- und Trachtenverbandes e.V. (SVT) statt.<br \/>\nLeider meinte der Wettergott es nicht so gut mit uns.<br \/>\nNach der Begr\u00fc\u00dfung der G\u00e4ste durch die Pr\u00e4sidentin des SVT\u2019s erinnerte der Ehrenpr\u00e4sident in einem R\u00fcckblick zur Entstehungsgeschichte des Museums. Die Museumsleiterin, Heidi Meier, konnte wegen Krankheit, leider nicht dabei sein.<br \/>\nUnser Landrat, Udo Recktenwald, als Schirmherr der Veranstaltung und unser B\u00fcrgermeister, Andreas Veit, w\u00fcrdigten in ihren Gru\u00dfworten die Bedeutung des Museums f\u00fcr Mode &amp; Tracht f\u00fcr die Tourismusregion St. Wendeler Land.<\/p>\n<p>Zw\u00f6lf Tanzgruppen des SVT&#8217;s erfreuten die Besucher mit ihren T\u00e4nzen, die Musikgruppe des SVT\u2018s spielte und lud mit bekannten Liedern die G\u00e4ste zum Mitsingen ein. Die Musikgruppe wurde von einer S\u00e4ngerin unterst\u00fctzt. Nachdem die Sonne zum Vorschein kam, zeigten uns die Fahnenschwinger des SVT\u2019s auf der Burg ihre Kunst.<\/p>\n<p>Es fanden auch Ehrungen statt. Dabei erhielt die Museumsleiterin, Heidi Meier, f\u00fcr au\u00dferordentliche Verdienste das Ehrenabzeichen am Band.<\/p>\n<p>Zeitgleich war nat\u00fcrlich auch das \u201eGeburtstagskind\u201c, das Museum, ge\u00f6ffnet. Auch dort freute man sich \u00fcber einen regen Besuch mit gro\u00dfem Interesse an der Ausstellung, besonders an der derzeitigen Sonderausstellung \u201eDrum pr\u00fcfe wer sich ewig bindet\u2026.\u201c. Die weitesten Besucher kamen an diesem Tag aus Norwegen.<\/p>\n<p>Alle Anwesende waren der Meinung, dass es trotzt des ung\u00fcnstigen Wetters, eine gelungene Veranstaltung war.<\/p>\n<p>Die Museumsleitung und die Pr\u00e4sidentin des SVT bedanken sich bei allen Mitwirkenden, Helfern und G\u00e4sten f\u00fcr diesen sch\u00f6nen Sonntag.<\/p>\n<p><a href=\"http:\/\/www.museum-nohfelden.de\/wp-content\/uploads\/2014\/11\/Ansprache.jpg\"><img decoding=\"async\" loading=\"lazy\" class=\"alignleft size-medium wp-image-1307\" src=\"http:\/\/www.museum-nohfelden.de\/wp-content\/uploads\/2014\/11\/Ansprache-252x300.jpg\" alt=\"Ansprache\" width=\"252\" height=\"300\" srcset=\"http:\/\/www.museum-nohfelden.de\/wp-content\/uploads\/2014\/11\/Ansprache-252x300.jpg 252w, http:\/\/www.museum-nohfelden.de\/wp-content\/uploads\/2014\/11\/Ansprache.jpg 344w\" sizes=\"(max-width: 252px) 100vw, 252px\" \/><\/a><\/p>\n<h2 style=\"text-align: center;\"><\/h2>\n<h2 style=\"text-align: center;\"><\/h2>\n<h2 style=\"text-align: center;\"><a href=\"http:\/\/www.museum-nohfelden.de\/wp-content\/uploads\/2014\/11\/Ehreng\u00e4ste.jpg\"><img decoding=\"async\" loading=\"lazy\" class=\"alignnone wp-image-1310 size-medium\" src=\"http:\/\/www.museum-nohfelden.de\/wp-content\/uploads\/2014\/11\/Ehreng\u00e4ste-300x192.jpg\" alt=\"Ehreng\u00e4ste\" width=\"300\" height=\"192\" srcset=\"http:\/\/www.museum-nohfelden.de\/wp-content\/uploads\/2014\/11\/Ehreng\u00e4ste-300x192.jpg 300w, http:\/\/www.museum-nohfelden.de\/wp-content\/uploads\/2014\/11\/Ehreng\u00e4ste.jpg 725w\" sizes=\"(max-width: 300px) 100vw, 300px\" \/><\/a><\/h2>\n<h2 style=\"text-align: center;\"><a href=\"http:\/\/www.museum-nohfelden.de\/wp-content\/uploads\/2014\/11\/Musikgruppe.jpg\"><img decoding=\"async\" loading=\"lazy\" class=\"alignleft size-medium wp-image-1315\" src=\"http:\/\/www.museum-nohfelden.de\/wp-content\/uploads\/2014\/11\/Musikgruppe-300x240.jpg\" alt=\"Musikgruppe\" width=\"300\" height=\"240\" srcset=\"http:\/\/www.museum-nohfelden.de\/wp-content\/uploads\/2014\/11\/Musikgruppe-300x240.jpg 300w, http:\/\/www.museum-nohfelden.de\/wp-content\/uploads\/2014\/11\/Musikgruppe.jpg 477w\" sizes=\"(max-width: 300px) 100vw, 300px\" \/><\/a><a href=\"http:\/\/www.museum-nohfelden.de\/wp-content\/uploads\/2014\/11\/Gerhard-und-Rosel.jpg\"><img decoding=\"async\" loading=\"lazy\" class=\"alignnone size-medium wp-image-1313\" src=\"http:\/\/www.museum-nohfelden.de\/wp-content\/uploads\/2014\/11\/Gerhard-und-Rosel-246x300.jpg\" alt=\"Gerhard und Rosel\" width=\"246\" height=\"300\" srcset=\"http:\/\/www.museum-nohfelden.de\/wp-content\/uploads\/2014\/11\/Gerhard-und-Rosel-246x300.jpg 246w, http:\/\/www.museum-nohfelden.de\/wp-content\/uploads\/2014\/11\/Gerhard-und-Rosel.jpg 777w\" sizes=\"(max-width: 246px) 100vw, 246px\" \/><\/a><\/h2>\n<p><a href=\"http:\/\/www.museum-nohfelden.de\/wp-content\/uploads\/2014\/11\/Besucher-Museum.jpg\"><img decoding=\"async\" loading=\"lazy\" class=\"alignleft size-medium wp-image-1309\" src=\"http:\/\/www.museum-nohfelden.de\/wp-content\/uploads\/2014\/11\/Besucher-Museum-300x268.jpg\" alt=\"Besucher Museum\" width=\"300\" height=\"268\" srcset=\"http:\/\/www.museum-nohfelden.de\/wp-content\/uploads\/2014\/11\/Besucher-Museum-300x268.jpg 300w, http:\/\/www.museum-nohfelden.de\/wp-content\/uploads\/2014\/11\/Besucher-Museum.jpg 539w\" sizes=\"(max-width: 300px) 100vw, 300px\" \/><\/a><\/p>\n<h2 style=\"text-align: center;\"><a href=\"http:\/\/www.museum-nohfelden.de\/wp-content\/uploads\/2014\/11\/Besuch-Museum.jpg\"><img decoding=\"async\" loading=\"lazy\" class=\"alignnone size-medium wp-image-1308\" src=\"http:\/\/www.museum-nohfelden.de\/wp-content\/uploads\/2014\/11\/Besuch-Museum-300x245.jpg\" alt=\"Besuch Museum\" width=\"300\" height=\"245\" srcset=\"http:\/\/www.museum-nohfelden.de\/wp-content\/uploads\/2014\/11\/Besuch-Museum-300x245.jpg 300w, http:\/\/www.museum-nohfelden.de\/wp-content\/uploads\/2014\/11\/Besuch-Museum.jpg 522w\" sizes=\"(max-width: 300px) 100vw, 300px\" \/><\/a><\/h2>\n<p>&nbsp;<\/p>\n<h2 style=\"text-align: center;\"><a href=\"http:\/\/www.museum-nohfelden.de\/wp-content\/uploads\/2014\/11\/Fahnenschwingen1.jpg\"><img decoding=\"async\" loading=\"lazy\" class=\"alignleft size-medium wp-image-1311\" src=\"http:\/\/www.museum-nohfelden.de\/wp-content\/uploads\/2014\/11\/Fahnenschwingen1-300x203.jpg\" alt=\"Fahnenschwingen\" width=\"300\" height=\"203\" srcset=\"http:\/\/www.museum-nohfelden.de\/wp-content\/uploads\/2014\/11\/Fahnenschwingen1-300x203.jpg 300w, http:\/\/www.museum-nohfelden.de\/wp-content\/uploads\/2014\/11\/Fahnenschwingen1.jpg 616w\" sizes=\"(max-width: 300px) 100vw, 300px\" \/><\/a><a href=\"http:\/\/www.museum-nohfelden.de\/wp-content\/uploads\/2014\/11\/gem\u00fctlicher-Teil.jpg\"><img decoding=\"async\" loading=\"lazy\" class=\"alignnone size-medium wp-image-1312\" src=\"http:\/\/www.museum-nohfelden.de\/wp-content\/uploads\/2014\/11\/gem\u00fctlicher-Teil-300x185.jpg\" alt=\"gem\u00fctlicher Teil\" width=\"300\" height=\"185\" srcset=\"http:\/\/www.museum-nohfelden.de\/wp-content\/uploads\/2014\/11\/gem\u00fctlicher-Teil-300x185.jpg 300w, http:\/\/www.museum-nohfelden.de\/wp-content\/uploads\/2014\/11\/gem\u00fctlicher-Teil.jpg 621w\" sizes=\"(max-width: 300px) 100vw, 300px\" \/><\/a><\/h2>\n<h2 style=\"text-align: center;\"><\/h2>\n<h2 style=\"text-align: center;\"><strong>\u00a0<\/strong><\/h2>\n<p style=\"text-align: left;\"><a title=\"weitere Bilder\" href=\"http:\/\/www.energis.de\/news_infos\/fotogalerie\/id-130?page=1\">Weitere Bilder <\/a><\/p>\n<h2 style=\"text-align: center;\"><\/h2>\n<h2 style=\"text-align: center;\"><\/h2>\n<p>&nbsp;<\/p>\n<p>&nbsp;<\/p>\n<h2 style=\"text-align: center;\"><strong>10 Jahre Museum f\u00fcr Mode &amp; Tracht<\/strong><br \/>\n<strong>2005 &#8211; 2015<\/strong><\/h2>\n<p style=\"text-align: center;\"><a href=\"http:\/\/www.museum-nohfelden.de\/wp-content\/uploads\/2014\/11\/Altes-Amtshaus-an-der-Burg.jpg\"><img decoding=\"async\" loading=\"lazy\" class=\"aligncenter size-medium wp-image-1106\" src=\"http:\/\/www.museum-nohfelden.de\/wp-content\/uploads\/2014\/11\/Altes-Amtshaus-an-der-Burg-300x200.jpg\" alt=\"Altes Amtshaus an der Burg\" width=\"300\" height=\"200\" srcset=\"http:\/\/www.museum-nohfelden.de\/wp-content\/uploads\/2014\/11\/Altes-Amtshaus-an-der-Burg-300x200.jpg 300w, http:\/\/www.museum-nohfelden.de\/wp-content\/uploads\/2014\/11\/Altes-Amtshaus-an-der-Burg.jpg 816w\" sizes=\"(max-width: 300px) 100vw, 300px\" \/><\/a><\/p>\n<p style=\"text-align: left;\">10 Jahre Museum f\u00fcr Mode &amp; Tracht Nohfelden und Landestrachtentag des Saarl\u00e4ndischen Volkstanz- und Trachtenverbandes e.V. am Sonntag 13.09.2015 in Nohfelden auf der Burg und auf dem Burgvorplatz.<\/p>\n<p><strong><span style=\"text-decoration: underline;\">Programm:<\/span><\/strong><\/p>\n<ul>\n<li>11:00 &#8211; 13:00 Uhr Fr\u00fchschoppenkonzert mit dem Musikverein Nohfelden<\/li>\n<li>ab 12:00 Uhr Gemeinsames Mittageessen (Lyonerpfanne)<\/li>\n<li>ab 13:30 Uhr R\u00fcckblick 10 Jahre Museum<br \/>\nGru\u00dfworte der G\u00e4ste<br \/>\nGruppen des Saarl\u00e4ndischen Volkstanz- und<br \/>\nTrachtenverbandes stellen sich mit T\u00e4nzen vor<br \/>\nMusikgruppe des SVT\u2018s spielt auf<br \/>\nFahnenschwinger auf der Burg<br \/>\nEhrungen<br \/>\ngemeinsames Singen<\/li>\n<li>ab 14:00 Uhr Kaffee und Kuchen auf der Burg<\/li>\n<\/ul>\n<p><strong>\u00d6ffnungszeit des Museums:<\/strong><\/p>\n<ul>\n<li>13:00 &#8211; 18:00 Uhr Eintritt frei<\/li>\n<\/ul>\n<p>Programm\u00e4nderungen vorbehalten<\/p>\n<p>&nbsp;<\/p>\n<h3 style=\"text-align: center;\">R\u00fcckblick zur Entstehungsgeschichte des Museums<\/h3>\n<p>Text: Heidi Meier<\/p>\n<h2 style=\"text-align: center;\"><\/h2>\n<p><a href=\"http:\/\/www.museum-nohfelden.de\/wp-content\/uploads\/2014\/11\/Heidi_Meier.jpg\"><img decoding=\"async\" loading=\"lazy\" class=\"aligncenter wp-image-1137\" src=\"http:\/\/www.museum-nohfelden.de\/wp-content\/uploads\/2014\/11\/Heidi_Meier-213x300.jpg\" alt=\"Museum f\u00fcr Mode und Tracht 2008 Foto: Wolfgang Ballof\" width=\"198\" height=\"279\" srcset=\"http:\/\/www.museum-nohfelden.de\/wp-content\/uploads\/2014\/11\/Heidi_Meier-213x300.jpg 213w, http:\/\/www.museum-nohfelden.de\/wp-content\/uploads\/2014\/11\/Heidi_Meier.jpg 531w\" sizes=\"(max-width: 198px) 100vw, 198px\" \/><\/a><\/p>\n<p style=\"text-align: left;\">Ich m\u00f6chte in einem kurzen Abriss die Entwicklung des Museums f\u00fcr Mode und Tracht in Nohfelden aufzeigen.<\/p>\n<p>Begonnen hat es 2000 damit, dass wir (Andrea Mark-Fuchs und Heidi Meier, Referat Tracht) auf Bundestagungen<br \/>\ndie reichhaltige Dokumentation und Pr\u00e4sentation der Trachten (in Museen und in der Literatur) der \u00fcbrigen Bundesl\u00e4ndern bewundern konnten.<br \/>\nWir wurden gefragt: Gab es bei Euch im Saarland keine Tracht?<\/p>\n<p style=\"text-align: left;\">Die Suche nach erhaltenen originalen Trachtenteilen aus dem 19. Jahrhundert f\u00fchrte zu 2 Sammlungen und zwar zur Sammlung von Hermann Keuth, der vor dem 2. Weltkrieg das Heimatmuseum in Saarbr\u00fccken leitete und zur Sammlung<br \/>\nvon Pelser-Berensberg, der von Trier aus im Saargau und im Hochwald eifrig gesammelt hatte.<\/p>\n<p>Im September 2000 nahmen wir mit dem Pr\u00e4sidium des SVT (Saarl\u00e4ndischer Volkstanz- und Trachtenverband)<br \/>\nKontakt mit dem Saarlandmuseum auf, das die Sammlung von Keuth betreut und mit dem St\u00e4dtischen Museum Simeonstift in Trier, das die Sammlung von Pelser-Berensberg besitzt. In mehreren Gespr\u00e4chen mit Herrn Dr. Trepesch im<br \/>\nSaarlandmuseum entwickelte sich die Idee ein Museum f\u00fcr Bekleidung zu schaffen, nicht nur f\u00fcr Tracht.<\/p>\n<p><a href=\"http:\/\/www.museum-nohfelden.de\/wp-content\/uploads\/2014\/11\/Museumseingang.jpg\"><img decoding=\"async\" loading=\"lazy\" class=\"aligncenter wp-image-1124\" src=\"http:\/\/www.museum-nohfelden.de\/wp-content\/uploads\/2014\/11\/Museumseingang-229x300.jpg\" alt=\"Museumseingang\" width=\"217\" height=\"284\" srcset=\"http:\/\/www.museum-nohfelden.de\/wp-content\/uploads\/2014\/11\/Museumseingang-229x300.jpg 229w, http:\/\/www.museum-nohfelden.de\/wp-content\/uploads\/2014\/11\/Museumseingang.jpg 547w\" sizes=\"(max-width: 217px) 100vw, 217px\" \/><\/a><\/p>\n<p>Wir suchten R\u00e4ume. Der damalige B\u00fcrgermeister, Dr. Gisch ,bot uns in Nohfelden im alten Amtshaus<br \/>\ndie erste Etage an. Im Februar 2004 begann die Planung f\u00fcr die jetzigen R\u00e4ume.<\/p>\n<p>Die Saarbr\u00fccker Zeitung hat in mehreren Beitr\u00e4gen \u00fcber unser Projekt berichtet und die Resonanz aus der Bev\u00f6lkerung war sehr gro\u00df. Ich habe die Exponate bei mir zu Hause gesammelt, inventarisiert und katalogisiert.<\/p>\n<p>Das Museum wurde dann im September 2005 in diesen R\u00e4umen er\u00f6ffnet.<\/p>\n<p>Das Museum hat 4 gro\u00dfe R\u00e4ume. Wir stellen Exponate aus dem 19. Jahrhundert bis zu den 1920er Jahren aus. Im mittleren und gr\u00f6\u00dften Raum zeigen wir die Festtagskleidung aus der Zeit von 1845 \u2013 1920 (Alltags- oder Werktagskleidung ist fast nicht erhalten).<\/p>\n<h2 style=\"text-align: center;\"><\/h2>\n<p>In einem Raum zeigen wir an Stellw\u00e4nden die W\u00e4sche f\u00fcr \u201eDarunter\u201c. Im Grammatisch-kritischen W\u00f6rterbuch der Hochdeutschen Mundart\u201c von 1807 wurde die Unterhose als \u201eunanst\u00e4ndige Sprechart\u201c bezeichnet und zum Beinkleid umgetauft<strong>.<\/strong><\/p>\n<p><a href=\"http:\/\/www.museum-nohfelden.de\/wp-content\/uploads\/2014\/11\/Unterw\u00e4sche.jpg\"><img decoding=\"async\" loading=\"lazy\" class=\"aligncenter wp-image-1127\" src=\"http:\/\/www.museum-nohfelden.de\/wp-content\/uploads\/2014\/11\/Unterw\u00e4sche-222x300.jpg\" alt=\"Unterw\u00e4sche\" width=\"108\" height=\"146\" srcset=\"http:\/\/www.museum-nohfelden.de\/wp-content\/uploads\/2014\/11\/Unterw\u00e4sche-222x300.jpg 222w, http:\/\/www.museum-nohfelden.de\/wp-content\/uploads\/2014\/11\/Unterw\u00e4sche.jpg 642w\" sizes=\"(max-width: 108px) 100vw, 108px\" \/><\/a><\/p>\n<p>In unserem Trachtenraum zeigen wir in einer Standvitrine Exponate, eine Leihgabe der Stiftung Saarl\u00e4ndischer Kulturbesitz, aus der Sammlung von Keuth. Es sind vor allem original Frauenhauben. In der Raumvitrine befinden sich neben Originalteilen auch nach geschneiderte Teile.<\/p>\n<p><a href=\"http:\/\/www.museum-nohfelden.de\/wp-content\/uploads\/2014\/11\/Frauenhaube.jpg\"><img decoding=\"async\" loading=\"lazy\" class=\"aligncenter wp-image-1142\" src=\"http:\/\/www.museum-nohfelden.de\/wp-content\/uploads\/2014\/11\/Frauenhaube-247x300.jpg\" alt=\"Frauenhaube\" width=\"149\" height=\"181\" srcset=\"http:\/\/www.museum-nohfelden.de\/wp-content\/uploads\/2014\/11\/Frauenhaube-247x300.jpg 247w, http:\/\/www.museum-nohfelden.de\/wp-content\/uploads\/2014\/11\/Frauenhaube-845x1024.jpg 845w, http:\/\/www.museum-nohfelden.de\/wp-content\/uploads\/2014\/11\/Frauenhaube.jpg 1327w\" sizes=\"(max-width: 149px) 100vw, 149px\" \/><br \/>\n<\/a>Unser ganzer Stolz sind die Bergmannstrachten bzw. Bergmannsuniformen. Sie geh\u00f6ren zur Geschichte des Saarlandes und sie sind Geschichte, denn seit Juli 2012 gibt es bei uns keinen Kohlenbergbau mehr.<\/p>\n<p><a href=\"http:\/\/www.museum-nohfelden.de\/wp-content\/uploads\/2014\/11\/Schachthut-mit-Kordel.2.jpg\"><img decoding=\"async\" loading=\"lazy\" class=\"aligncenter wp-image-1144\" src=\"http:\/\/www.museum-nohfelden.de\/wp-content\/uploads\/2014\/11\/Schachthut-mit-Kordel.2-212x300.jpg\" alt=\"Digital StillCamera\" width=\"139\" height=\"197\" srcset=\"http:\/\/www.museum-nohfelden.de\/wp-content\/uploads\/2014\/11\/Schachthut-mit-Kordel.2-212x300.jpg 212w, http:\/\/www.museum-nohfelden.de\/wp-content\/uploads\/2014\/11\/Schachthut-mit-Kordel.2.jpg 582w\" sizes=\"(max-width: 139px) 100vw, 139px\" \/><\/a><br \/>\nIm vierten Raum zeigen wir Wechselausstellungen.<br \/>\nZur Zeit zeigen wir die Sonderausstellung <a title=\"&quot;Drum pr\u00fcfe wer sich ewig bindet...&quot;\" href=\"http:\/\/www.museum-nohfelden.de\/wp-admin\/post.php?post=33&amp;action=edit&amp;message=1\">&#8220;Drum pr\u00fcfe wer sich ewig bindet&#8230;&#8230;&#8221;<\/a>, Hochzeit im Wandel der Zeit.<\/p>\n","protected":false},"excerpt":{"rendered":"<p>R\u00fcckblick 10 Jahre Museum und Landestrachtentag 2015 Am Sonntag, 13. September 2015, fanden in Nohfelden das 10j\u00e4hrige Jubil\u00e4um des Museums und der Landestrachtentag des Saarl\u00e4ndischen Volkstanz- und Trachtenverbandes e.V. (SVT) statt. Leider meinte der Wettergott es nicht so gut mit uns. Nach der Begr\u00fc\u00dfung der G\u00e4ste durch die Pr\u00e4sidentin des SVT\u2019s erinnerte der Ehrenpr\u00e4sident in [&hellip;]<\/p>\n","protected":false},"author":3,"featured_media":0,"parent":0,"menu_order":0,"comment_status":"closed","ping_status":"closed","template":"","meta":[],"_links":{"self":[{"href":"http:\/\/www.museum-nohfelden.de\/index.php?rest_route=\/wp\/v2\/pages\/1101"}],"collection":[{"href":"http:\/\/www.museum-nohfelden.de\/index.php?rest_route=\/wp\/v2\/pages"}],"about":[{"href":"http:\/\/www.museum-nohfelden.de\/index.php?rest_route=\/wp\/v2\/types\/page"}],"author":[{"embeddable":true,"href":"http:\/\/www.museum-nohfelden.de\/index.php?rest_route=\/wp\/v2\/users\/3"}],"replies":[{"embeddable":true,"href":"http:\/\/www.museum-nohfelden.de\/index.php?rest_route=%2Fwp%2Fv2%2Fcomments&post=1101"}],"version-history":[{"count":34,"href":"http:\/\/www.museum-nohfelden.de\/index.php?rest_route=\/wp\/v2\/pages\/1101\/revisions"}],"predecessor-version":[{"id":2540,"href":"http:\/\/www.museum-nohfelden.de\/index.php?rest_route=\/wp\/v2\/pages\/1101\/revisions\/2540"}],"wp:attachment":[{"href":"http:\/\/www.museum-nohfelden.de\/index.php?rest_route=%2Fwp%2Fv2%2Fmedia&parent=1101"}],"curies":[{"name":"wp","href":"https:\/\/api.w.org\/{rel}","templated":true}]}}